r of o and c?
2
Let l be (4/(-3))/(60/90) + 370/5. What is the greatest common divisor of 5004 and l?
36
Suppose -56*j + 49*j + 462 = 0. Suppose 4*d - 175 = -5*p, 191 - j = 3*d + 5*p. Let n be ((-4)/(-6))/(4/60). Calculate the highest common divisor of d and n.
10
Suppose -60 = -21*y - 249. Let u be -2 + -688 + 1 + -2. Let c be u/y - (-6)/27. What is the greatest common factor of 11 and c?
11
Suppose 1190 = -19*b - 16*b. Let g = 56 + b. What is the highest common factor of 1 and g?
1
Suppose 154*p = 6307198 - 2126098. Calculate the greatest common factor of 75 and p.
75
Let m be -122 - (2 + 0) - -1. Let f = 310 + m. Let c be (-4 - 62)/(-6) - -6. What is the highest common divisor of c and f?
17
Let c be (-60)/(-16) + 2 + 22/(-8). Let g be 5*3*c/9. Suppose -2*y - 3*x + 7*x = -32, -25 = -g*y - x. Calculate the highest common divisor of 15 and y.
3
Let l(a) = -8961 - 4*a - 14*a**3 - 3*a - 5*a**2 + 8957. Let z be l(-3). Calculate the greatest common factor of z and 50.
50
Let a be -205*-3*(-2)/(-15). Let z(v) = -v**3 + 21*v**2 + 313*v - 6578. Let h be z(20). Calculate the greatest common factor of h and a.
82
Let m be 58/((-70)/15 - (-3 + -2)). Let i = -150 + m. Calculate the highest common factor of 32 and i.
8
Let y = 26 - 10. Let n(o) = o**3 - 15*o**2 - 18*o + 38. Let b be n(y). Let m be ((-54)/(-9))/(2/b*2). Calculate the greatest common divisor of 72 and m.
9
Let w(h) = -h**3 - 3*h**2 - 8*h + 16. Let m be w(-5). Suppose 51*i - 56*i + m = 3*j, -4*i = 16. What is the greatest common divisor of 84 and j?
42
Let s be (22/(-5))/(2/(-10)). Let w(j) = j**2 + j - 34. Suppose -31*i = -222 + 5. Let y be w(i). What is the highest common divisor of s and y?
22
Suppose 0 = b + 28 - 82. Let l be (2/((-32)/(-324)))/(3/8). What is the highest common factor of l and b?
54
Let y(s) = -s**3 - 16*s**2 - 30*s - 305. Let j be y(-16). What is the greatest common factor of 119 and j?
7
Let u = 974 + 342. Suppose 3*d + 5*c - 1019 = -0*d, -4*d + 4*c = -u. What is the greatest common factor of 37 and d?
37
Suppose 0 = 3*o - f - 3446, 5720 = 136*o - 131*o + 3*f. What is the highest common factor of o and 74?
37
Let h be (-161)/2 + ((-10)/5)/4. Let w = 255 - h. What is the greatest common divisor of w and 56?
56
Let y = 451 - 304. Let j be (-42)/y - 172/(-14). Let i = -14 + 32. Calculate the greatest common factor of j and i.
6
Suppose 22*j - 19*j + 4*f - 1936 = 0, 4*j - 5*f = 2540. What is the greatest common factor of 200 and j?
40
Suppose 10 = 4*x + 5*g, -5*x - 4*g + 5*g = -27. Suppose 5*z - 32 = x*f - 12, f = -4*z + 11. What is the highest common factor of z and 7?
1
Let p(w) = w**2 + w + 7. Let u be p(-3). Suppose -8*s = -2*s - 546. What is the highest common divisor of u and s?
13
Let w = 31 + -16. Let r be ((-10)/w - 0)*-3. Let v be 2/(8/12) - r. What is the greatest common factor of v and 2?
1
Let g = 108 + -29. Let y = g - 51. Suppose 2*s - 48 = y. What is the highest common factor of s and 190?
38
Let l be 2 - 5/(10/(-252)). Let o = 16521 - 16505. What is the greatest common factor of l and o?
16
Suppose 42*n = 4*z + 41*n - 141, -5*z + 192 = 4*n. Let q(x) = -x + 3. Let i be q(-6). Calculate the highest common divisor of i and z.
9
Let t(j) = j**2 + 7*j - 33. Let b be t(-10). Let v be b - -6 - 3 - -44. What is the greatest common divisor of 220 and v?
44
Suppose m = -3*u + u + 97, m - 1 = 0. Suppose -5*o + 394 = -2*v - 0*v, -2*v + 406 = 5*o. Calculate the greatest common factor of u and o.
16
Let j(m) = m**3 - 25*m**2 + 38*m + 9. Let z be j(26). What is the greatest common divisor of 7 and z?
7
Let z = 280 - 312. Let q = 46 + z. What is the highest common divisor of q and 147?
7
Let y(p) = -1485*p**3 + 4*p**2 + 14*p + 20. Let b be y(-2). Calculate the greatest common divisor of b and 16.
16
Let l be 85046/65 + 4 + 24/(-10). Calculate the greatest common factor of 2227 and l.
131
Suppose -91 = -9*z - 10. Suppose -726 = -13*a + 10*a. Let p = 404 - a. What is the greatest common divisor of z and p?
9
Suppose 25*k = 1165 - 290. Calculate the greatest common factor of k and 320.
5
Let f be (-1 - -5) + 285 + 300/(-25). Calculate the greatest common divisor of 9972 and f.
277
Suppose -572*j = -684*j + 39424. Suppose 0 = 2*o + 5*n - 27, -n + 2 = 3. What is the highest common divisor of j and o?
16
Suppose 7*w + 682 = 1423 + 1072. What is the greatest common divisor of w and 14?
7
Let p(u) be the second derivative of -8*u**3/3 - 7*u**2/2 + 18*u. Let b be p(-4). What is the highest common divisor of b and 19?
19
Let k(j) = 2831*j + 6130. Let v be k(-2). Suppose 0 = 2*z - 21 + 3. Calculate the greatest common divisor of v and z.
9
Let l(r) = -2*r - 343*r**3 - 7*r + 0*r + 342*r**3 + 4. Let h be l(-4). What is the highest common divisor of 260 and h?
52
Suppose 4*z = -c - 5, -3 = 3*c - 12. Let b be -2 + z + 148 + -1. Let a(s) = -3*s - 8. Let y be a(-7). Calculate the highest common factor of y and b.
13
Let g(s) = -5*s + 33. Let o = -422 + 410. Let b be g(o). What is the greatest common factor of b and 1209?
93
Suppose -277*s + 4139 = -2786. What is the highest common factor of 355 and s?
5
Let w(q) = -239*q + 2. Suppose -p + 13 = 14. Let r be w(p). Let m = 9 + r. Calculate the greatest common divisor of m and 50.
50
Suppose -2*p + 4*i + 111 = i, 0 = -p - 2*i + 59. Let a(u) = -86*u - 1. Let v be a(-2). What is the highest common factor of p and v?
57
Let z = -37 - -41. Suppose -5*o + 562 = z*b, 3*b - 433 = -5*o + 126. Calculate the greatest common factor of o and 22.
22
Let c be -337*2*-1*(-3828)/(-264). What is the highest common divisor of c and 29?
29
Let u be (-846)/(-15) + (-4)/10. Suppose 5*j + 4*m - 190 = 0, -17*m = -2*j - 16*m + 89. Calculate the highest common factor of j and u.
14
Let h(p) = -47*p + 398. Suppose -2*w + 12 = -6*a + 9*a, -a - 2*w = 0. Let u be h(a). What is the greatest common factor of 20 and u?
4
Suppose 1983 + 91 = 2*z + 2*w, 5*z - 5183 = -4*w. Calculate the greatest common divisor of 180 and z.
45
Suppose 4*c + 562 = -3*k, -5*k + 1 - 11 = 0. Let b be 4/24 + c/6. Let i = -11 - b. Calculate the greatest common divisor of i and 96.
12
Let i = -693 - -4072. Calculate the greatest common divisor of 62 and i.
31
Let y be 234 + (-10)/(40/12). Suppose 6 = l + 3. Suppose -3*u + 2*z = -65, l*u - 4*z = -6*z + 61. Calculate the highest common divisor of u and y.
21
Let a = -75838 + 76028. Let v(n) = -n**2 + 3*n - 1. Let b be v(3). Let r be (-21 + 1 - b)*-2. What is the highest common divisor of r and a?
38
Suppose 2*i = 5*z - 680, 0 = -5*z + 4*i + 61 + 619. What is the highest common factor of z and 608?
8
Let q(g) = 0*g - 172 - 11*g + 3*g - 4*g. Let v be q(-17). Calculate the greatest common factor of 8 and v.
8
Let r be 18*(393/15 + 4)/((-60)/(-100)). Calculate the highest common divisor of 21442 and r.
302
Suppose -112*s + 63*s = -4018. What is the highest common divisor of s and 16728?
82
Let g = -23 + 13. Let q be (-305)/g + (-2)/4. Let u = 2606 + -2576. What is the greatest common factor of q and u?
30
Suppose -543 = -3*l + 1455. Suppose -118 = -7*x + l. Let w = x + -71. What is the greatest common divisor of w and 164?
41
Let r(q) = -2*q**3 - 121*q**2 - 54*q + 567. Let a be r(-60). Let x be 3/(44/(-12) + 4). What is the greatest common factor of x and a?
9
Let s(x) = x - 166. Let n be s(0). Let o = 104 + n. Let l = -55 - o. What is the highest common divisor of l and 63?
7
Let n(a) = -a**3 - 73*a**2 + 73*a - 48. Let g be n(-74). What is the greatest common divisor of g and 702?
26
Let b be ((-3)/2 - -2)/((-9)/(4590/(-5))). Let i(v) = 62*v**2 + 3. Let g be i(3). Calculate the greatest common divisor of g and b.
51
Let w = -3581 + 4036. What is the greatest common factor of w and 52?
13
Let a(f) = 10*f - 154. Suppose -98*u = -99*u + 16. Let s be a(u). Suppose 23 + 31 = 3*y. What is the greatest common factor of s and y?
6
Suppose -f = 1, 3*f = 3*s + 5*f - 142. Suppose -5*r + 8*r - 48 = 0. What is the greatest common factor of r and s?
16
Let f(c) be the third derivative of -7*c**4/6 - 10*c**3 + 43*c**2. Let z be f(-6). Suppose z = 11*x - 5*x. What is the greatest common divisor of 36 and x?
18
Let s(w) = 27*w**2 - 126*w + 2293. Let o be s(19). What is the greatest common factor of o and 42?
14
Suppose 46 = 2*s + 5*i, 0 = -135*s + 132*s - 2*i + 102.